{"id":193,"date":"2023-11-16T08:00:52","date_gmt":"2023-11-16T07:00:52","guid":{"rendered":"https:\/\/www.mennoniten.at\/neu\/?page_id=193"},"modified":"2024-02-02T15:37:56","modified_gmt":"2024-02-02T14:37:56","slug":"ueber-uns","status":"publish","type":"page","link":"https:\/\/www.mennoniten.at\/neu\/ueber-uns\/","title":{"rendered":"\u00dcber uns"},"content":{"rendered":"\n<h3 class=\"wp-block-heading\">Evangelische Freikirche<\/h3>\n\n\n\n<p>Die \u00f6sterreichischen Mennoniten sind eine evangelische Freikirche, die sich nicht wesentlich von anderen, an der Bibel orientierten Freikirchen unterscheidet. <strong>Mit mennonitischen Gruppierungen auf dem amerikanischen Kontinent<\/strong>, die auf Grund ihrer Eigenkultur und ihres oft fortschrittsfeindlichen Verhaltens in den Medien immer wieder Beachtung finden, <strong>haben wir au\u00dfer den reformatorischen Wurzeln nichts gemeinsam.<\/strong> Diese stellen auch in der Mennonitischen Gesamtheit nur einen kleinen Prozentsatz dar.<\/p>\n\n\n\n<h3 class=\"wp-block-heading\">Entstanden aus der <br>missionarischen T\u00e4tigkeit<\/h3>\n\n\n\n<p>Mit der <strong>Gr\u00fcndung der Gemeinden in Linz und Steyr im Jahre 1958 entstand die MF\u00d6<\/strong> (Mennonitische Freikirche \u00d6sterreich) als Arbeitsgemeinschaft, die aus einer bereits einige Jahre andauernden missionarischen T\u00e4tigkeit der nordamerikanischen Mennonitischen Br\u00fcdergemeinden hervorgegangen ist. Durch die weitere T\u00e4tigkeit ausl\u00e4ndischer und einheimischer Missionare entstanden weitere Gemeinden in Linz-Urfahr, Wien, Wels, Salzburg und Gmunden.<\/p>\n\n\n\n<p>Wir freuen uns, dass sie sich Zeit nehmen, uns auf diesen Seiten kennen zu lernen. Im Besonderen wollen wir auf unsere Glaubensgrundlagen hinweisen. Sicher gibt es auch manch Interessantes in <a href=\"https:\/\/www.mennoniten.at\/neu\/unsere-geschichte\/\" data-type=\"page\" data-id=\"18\">unserer Geschichte<\/a>, welche bis auf Menno Simons, den holl\u00e4ndischen Reformator und Zeitgenossen Luthers, Calvins und Zwinglis, zur\u00fcckzuf\u00fchren ist. Weiters informieren wir sie gerne auch \u00fcber unser typisch freikirchliches Gemeindeleben und die aktuellen Aktivit\u00e4ten unserer <a href=\"https:\/\/www.mennoniten.at\/neu\/unsere-gemeinden\/\" data-type=\"page\" data-id=\"47\">Gemeinden<\/a>.<\/p>\n\n\n\n<p><\/p>\n\n\n\n<p><\/p>\n","protected":false},"excerpt":{"rendered":"<p>Evangelische Freikirche Die \u00f6sterreichischen Mennoniten sind eine evangelische Freikirche, die sich nicht wesentlich von anderen, an der Bibel orientierten Freikirchen unterscheidet. Mit mennonitischen Gruppierungen auf dem amerikanischen Kontinent, die auf Grund ihrer Eigenkultur und ihres oft fortschrittsfeindlichen Verhaltens in den Medien immer wieder Beachtung finden, haben wir au\u00dfer den reformatorischen Wurzeln nichts gemeinsam. Diese stellen [&hellip;]<\/p>\n","protected":false},"author":1,"featured_media":199,"parent":0,"menu_order":0,"comment_status":"closed","ping_status":"closed","template":"","meta":{"footnotes":""},"class_list":["post-193","page","type-page","status-publish","has-post-thumbnail","hentry"],"acf":[],"_links":{"self":[{"href":"https:\/\/www.mennoniten.at\/neu\/wp-json\/wp\/v2\/pages\/193","targetHints":{"allow":["GET"]}}],"collection":[{"href":"https:\/\/www.mennoniten.at\/neu\/wp-json\/wp\/v2\/pages"}],"about":[{"href":"https:\/\/www.mennoniten.at\/neu\/wp-json\/wp\/v2\/types\/page"}],"author":[{"embeddable":true,"href":"https:\/\/www.mennoniten.at\/neu\/wp-json\/wp\/v2\/users\/1"}],"replies":[{"embeddable":true,"href":"https:\/\/www.mennoniten.at\/neu\/wp-json\/wp\/v2\/comments?post=193"}],"version-history":[{"count":7,"href":"https:\/\/www.mennoniten.at\/neu\/wp-json\/wp\/v2\/pages\/193\/revisions"}],"predecessor-version":[{"id":235,"href":"https:\/\/www.mennoniten.at\/neu\/wp-json\/wp\/v2\/pages\/193\/revisions\/235"}],"wp:featuredmedia":[{"embeddable":true,"href":"https:\/\/www.mennoniten.at\/neu\/wp-json\/wp\/v2\/media\/199"}],"wp:attachment":[{"href":"https:\/\/www.mennoniten.at\/neu\/wp-json\/wp\/v2\/media?parent=193"}],"curies":[{"name":"wp","href":"https:\/\/api.w.org\/{rel}","templated":true}]}}